en millions digit of 22361472?
2
What is the tens digit of 521831?
3
What is the hundred thousands digit of 566909?
5
What is the millions digit of 1914281?
1
What is the millions digit of 40081239?
0
What is the hundreds digit of 737135?
1
What is the ten thousands digit of 1084605?
8
What is the hundred thousands digit of 527729?
5
What is the tens digit of 41240?
4
What is the millions digit of 7999393?
7
What is the ten millions digit of 14519415?
1
What is the ten thousands digit of 559437?
5
What is the thousands digit of 1840742?
0
What is the hundred thousands digit of 1032660?
0
What is the hundred thousands digit of 1502057?
5
What is the ten millions digit of 15502745?
1
What is the thousands digit of 81583?
1
What is the thousands digit of 21248260?
8
What is the hundreds digit of 28408?
4
What is the thousands digit of 121588?
1
What is the units digit of 5504415?
5
What is the hundreds digit of 123545?
5
What is the hundred thousands digit of 1463631?
4
What is the ten thousands digit of 9323166?
2
What is the thousands digit of 122933?
2
What is the thousands digit of 2253066?
3
What is the hundred thousands digit of 4184112?
1
What is the hundreds digit of 680222?
2
What is the tens digit of 819733?
3
What is the tens digit of 1055525?
2
What is the thousands digit of 794248?
4
What is the units digit of 511921?
1
What is the millions digit of 1403217?
1
What is the tens digit of 200322?
2
What is the millions digit of 13922999?
3
What is the hundreds digit of 4047238?
2
What is the thousands digit of 5373682?
3
What is the units digit of 142509?
9
What is the thousands digit of 940695?
0
What is the tens digit of 3772707?
0
What is the units digit of 747978?
8
What is the hundreds digit of 96916?
9
What is the thousands digit of 2116639?
6
What is the hundreds digit of 68721?
7
What is the thousands digit of 863543?
3
What is the hundred thousands digit of 1247336?
2
What is the tens digit of 3808604?
0
What is the thousands digit of 1485084?
5
What is the units digit of 5216741?
1
What is the millions digit of 13543588?
3
What is the ten millions digit of 18367333?
1
What is the units digit of 19571586?
6
What is the hundred thousands digit of 2562475?
5
What is the units digit of 14724462?
2
What is the ten millions digit of 17079984?
1
What is the millions digit of 6471260?
6
What is the hundreds digit of 3829536?
5
What is the hundreds digit of 1201500?
5
What is the ten thousands digit of 15619870?
1
What is the thousands digit of 9505479?
5
What is the hundred thousands digit of 508772?
5
What is the thousands digit of 4779037?
9
What is the units digit of 4970143?
3
What is the units digit of 2486745?
5
What is the millions digit of 2891492?
2
What is the millions digit of 1869285?
1
What is the hundreds digit of 466724?
7
What is the ten thousands digit of 6715029?
1
What is the tens digit of 2398231?
3
What is the ten thousands digit of 239078?
3
What is the hundreds digit of 296451?
4
What is the hundreds digit of 10388242?
2
What is the hundreds digit of 58226?
2
What is the tens digit of 372916?
1
What is the ten thousands digit of 346917?
4
What is the ten thousands digit of 1361645?
6
What is the tens digit of 9732246?
4
What is the tens digit of 223794?
9
What is the thousands digit of 473960?
3
What is the hundreds digit of 1313783?
7
What is the tens digit of 5394095?
9
What is the thousands digit of 15814994?
4
What is the thousands digit of 3599574?
9
What is the units digit of 35872?
2
What is the thousands digit of 497250?
7
What is the ten thousands digit of 5309522?
0
What is the units digit of 7452700?
0
What is the hundreds digit of 434?
4
What is the tens digit of 586165?
6
What is the hundred thousands digit of 5180963?
1
What is the thousands digit of 7131649?
1
What is the units digit of 89514?
4
What is the hundred thousands digit of 1750842?
7
What is the hundreds digit of 38542?
5
What is the hundreds digit of 83662?
6
What is the thousands digit of 16041862?
1
What is the millions digit of 15339982?
5
What is the units digit of 288501?
1
What is the tens digit of 424315?
1
What is the thousands digit of 13168847?
8
What is the units digit of 376953?
3
What is the hundreds digit of 222709?
7
What is the ten millions digit of 19463538?
1
What is the thousands digit of 159616?
9
What is the hundreds digit of 98834?
8
What is the ten thousands digit of 1694134?
9
What is the units digit of 38139568?
8
What is the hundred thousands digit of 408294?
4
What is the tens digit of 223716?
1
What is the units digit of 105749?
9
What is the hundred thousands digit of 332554?
3
What is the millions digit of 9629152?
9
What is the hundreds digit of 280616?
6
What is the units digit of 24246175?
5
What is the ten thousands digit of 1838022?
3
What is the tens digit of 1498639?
3
What is the units digit of 1563628?
8
What is the hundreds digit of 6042219?
2
What is the hundreds digit of 204311?
3
What is the ten thousands digit of 83738?
8
What is the hundreds digit of 113092?
0
What is the ten thousands digit of 362091?
6
What is the thousands digit of 6974841?
4
What is the units digit of 9367620?
0
What is the millions digit of 2310859?
2
What is the hundreds digit of 6759017?
0
What is the tens digit of 663585?
8
What is the hundred thousands digit of 5238143?
2
What is the thousands digit of 245253?
5
What is the thousands digit of 14668163?
8
What is the hundreds digit of 192302?
3
What is the hundreds digit of 89940?
9
What is the hundreds digit of 277542?
5
What is the hundreds digit of 774039?
0
What is the ten thousands digit of 8620594?
2
What is the hundreds digit of 5369416?
4
What is the ten millions digit of 11316293?
1
What is the hundred thousands digit of 238078?
2
What is the thousands digit of 121004?
1
What is the tens digit of 3125984?
8
What is the hundred thousands digit of 3981054?
9
What is the thousands digit of 359309?
9
What is the tens digit of 198546?
4
What is the hundreds digit of 2105204?
2
What is the thousands digit of 44234?
4
What is the hundreds digit of 6088164?
1
What is the millions digit of 1777171?
1
What is the hundreds digit of 154656?
6
What is the hundreds digit of 497715?
7
What is the millions digit of 31608896?
1
What is the hundreds digit of 221834?
8
What is the tens digit of 11878826?
2
What is the hundred thousands digit of 4079948?
0
What is the hundred thousands digit of 175421?
1
What is the ten thousands digit of 584960?
8
What is the hundreds digit of 4703812?
8
What is the units digit of 2115197?
7
What is the tens digit of 134073?
7
What is the hundred thousands digit of 183752?
1
What is the tens digit of 5645124?
2
What is the ten thousands digit of 4322894?
2
What is the hundred thousands digit of 719224?
7
What is the thousands digit of 275210?
5
What is the units digit of 8501?
1
What is the hundreds digit of 5751875?
8
What is the thousands digit of 250500?
0
What is the ten thousands digit of 100993?
0
What is the millions digit of 1529536?
1
What is the thousands digit of 2207547?
7
What is the hundreds digit of 6017819?
8
What is the tens digit of 301911?
1
What is the hundreds digit of 126568?
5
What is the hundreds digit of 4702321?
3
What is the hundred thousands digit of 18860473?
8
What is the thousands digit of 3291?
3
What is the hundreds digit of 669197?
1
What is the thousands digit of 590066?
0
What is the ten thousands digit of 9428015?
2
What is the thousands digit of 290661?
0
What is the tens digit of 584664?
6
What is the millions digit of 1097293?
1
What is the ten thousands digit of 75427?
7
What is the units digit of 672507?
7
What is the ten thousands digit of 995884?
9
What is the units digit of 25634960?
0
What is the thousands digit of 411708?
1
What is the ten millions digit of 38129324?
3
What is the units digit of 384721?
1
What is the units digit of 1131763?
3
What is the thousands digit of 660458?
0
What is the hundreds digit of 4444060?
0
What is the units digit of 168345?
5
What is the thousands digit of 225793?
5
What is the units digit of 1803768?
8
What is the hundreds digit of 4303263?
2
What is the tens digit of 181572?
7
What is the units digit of 122152?
2
What is the hundreds digit of 653061?
0
What